et g(o) = -7*o**3 + 371*o**2 - 12*o + 658. Determine g(53).
22
Let w(k) = 672*k + 24341. Calculate w(-36).
149
Let w(g) = -16*g**3 - 323*g**2 - 44*g - 10. Give w(-20).
-330
Let r(a) = -2*a + 268. What is r(29)?
210
Let x(g) = -391*g + 10245. Give x(30).
-1485
Let j(g) = 6*g**2 - 833*g + 9627. What is j(126)?
-75
Let x(w) = 97*w - 2557. Calculate x(30).
353
Let i(o) = -340*o - 371647. Determine i(-1093).
-27
Let n(t) = -13*t - 53. Give n(-18).
181
Let b(w) = 6*w**2 - 909*w - 3687. Determine b(-4).
45
Let g(q) = 31*q**2 - 634*q - 4388. Calculate g(-7).
1569
Let v(s) = 31*s**2 + 7*s - 1275. Determine v(-7).
195
Let w(a) = 2*a**2 + 116*a + 1633. Determine w(-33).
-17
Let q(u) = 10*u**2 + 374*u + 3446. Give q(-21).
2
Let r(p) = 60483*p + 967720. What is r(-16)?
-8
Let b(g) = g**2 - 15*g - 33. Determine b(-2).
1
Let l(g) = -g**3 - 146*g**2 + 660*g + 9016. Calculate l(-150).
16
Let n(d) = d**3 + 9*d**2 - 584*d - 4189. Determine n(-7).
-3
Let f(a) = a**3 - 404*a**2 - 390*a - 6084. What is f(405)?
-9
Let g(x) = x**2 - 211*x - 3613. Calculate g(-15).
-223
Let c(a) = 336*a - 17626. What is c(54)?
518
Let l(g) = -1617*g + 69524. Calculate l(43).
-7
Let y(u) = -2*u**3 + 31*u**2 - 25*u - 73. Determine y(15).
-223
Let y(k) = 3*k**3 - 42*k**2 - 10*k - 17. Determine y(14).
-157
Let r(b) = 2*b**3 - 44*b**2 - 1223*b - 104. Determine r(-16).
8
Let g(f) = 6*f**2 - 449*f - 20510. Calculate g(-32).
2
Let u(t) = -154501*t + 309008. Give u(2).
6
Let m(z) = 3*z**3 + 306*z**2 + 2274*z + 1703. Determine m(-94).
11
Let u(i) = -38*i**3 + i**2 + 105*i + 76. Determine u(-1).
10
Let d(x) = -499*x - 57660. Calculate d(-114).
-774
Let t(m) = -4874*m - 87724. Give t(-18).
8
Let g(d) = -17*d**2 - 117*d + 7332. What is g(-23)?
1030
Let t(p) = 4285*p**2 + 85706*p + 118. Calculate t(-20).
-2
Let c(u) = -1215*u - 77733. Determine c(-64).
27
Let l(f) = 137806*f - 1240218. Determine l(9).
36
Let k(u) = u**3 - 68*u**2 + 582*u - 39591. Determine k(68).
-15
Let a(g) = -18194*g + 34280. What is a(2)?
-2108
Let n(o) = -o**2 + 655*o - 5171. Give n(8).
5
Let d(j) = -j**3 - 78*j**2 + 337*j + 524. Give d(-82).
-214
Let c(t) = -82*t - 6008. Give c(-82).
716
Let c(r) = -888*r + 49991. Calculate c(58).
-1513
Let u(i) = -365988*i + 1829934. Determine u(5).
-6
Let v(m) = -3*m**2 + 517*m + 10076. Determine v(190).
6
Let x(s) = s**2 - 805*s - 8420. Give x(-11).
556
Let t(v) = -v**3 + 14*v**2 + 2059*v + 401. Calculate t(53).
-23
Let x(d) = -d**3 - 1848*d**2 - 11146*d - 173150. Determine x(-1842).
-2
Let x(r) = -r**3 - 33*r**2 - 300*r - 4378. What is x(-28)?
102
Let y(c) = -3*c**2 - 356*c - 6060. Calculate y(-98).
16
Let r(c) = c**3 + 14*c**2 - 542*c - 611. Determine r(18).
1
Let q(a) = -1205*a + 233767. Calculate q(194).
-3
Let w(i) = i**3 + 28*i**2 - 1394*i + 54. What is w(26)?
314
Let y(z) = 1242*z - 7340. Give y(6).
112
Let y(v) = -v**2 + 1956*v + 37038. What is y(-19)?
-487
Let d(j) = -5*j**2 + 5039*j - 225792. Determine d(47).
-4
Let z(f) = 261*f + 1871. Calculate z(-12).
-1261
Let x(b) = b**3 + 14*b**2 - 231*b + 309. Calculate x(-24).
93
Let o(j) = -17796*j + 17809. Determine o(1).
13
Let j(x) = 14*x**2 + 5314*x + 23994. Give j(-375).
-6
Let t(q) = q**3 - 35*q**2 + 428*q - 3146. What is t(22)?
-22
Let o(t) = 310*t - 49620. Determine o(166).
1840
Let f(v) = 72*v**2 - 1748*v + 3214. Calculate f(2).
6
Let g(s) = -180*s**2 + 7402*s - 909. What is g(41)?
-7
Let k(n) = -7*n**3 + 8*n**2 - 13*n - 20. What is k(2)?
-70
Let f(d) = 64825*d + 129984. What is f(-2)?
334
Let q(o) = -866754*o + 9534294. Determine q(11).
0
Let j(d) = 8*d**2 - 40*d - 763. Give j(-9).
245
Let q(y) = -2*y**2 - 134*y + 3183. What is q(-86)?
-85
Let h(s) = -23*s**2 + 1069*s + 6421. Give h(-6).
-821
Let s(x) = -6*x**3 + 3229*x**2 - 540*x + 1062. What is s(538)?
-14
Let k(n) = -8*n**2 - 4891*n - 33916. Give k(-7).
-71
Let w(c) = -5*c**2 - 2841*c - 8993. Calculate w(-565).
47
Let l(w) = -w**3 + 61*w**2 - 70*w + 2486. Determine l(59).
5318
Let i(s) = -17*s**2 - 929*s - 671. Give i(-54).
-77
Let a(c) = c**3 - 48*c**2 + 300*c - 498. What is a(41)?
35
Let r(p) = -367*p**3 + 9176*p**2 - 26*p + 33. What is r(25)?
8
Let u(j) = 2932*j - 18017. Calculate u(6).
-425
Let k(c) = -4229*c - 949. What is k(-1)?
3280
Let n(m) = -4060*m - 328864. Determine n(-81).
-4
Let v(i) = -2*i**3 - 24*i**2 + 395*i - 617. Determine v(8).
-17
Let p(x) = 5*x**3 + 1247*x**2 - 7146*x - 1538. Give p(-255).
-8
Let s(q) = -q**3 - 175*q**2 + 78*q + 13683. Calculate s(-175).
33
Let z(d) = -123*d**2 - 243*d + 17. Determine z(-6).
-2953
Let c(r) = 63470*r - 952070. Calculate c(15).
-20
Let k(o) = -7*o**3 + 3*o**2 - 11*o - 3008. Determine k(0).
-3008
Let m(u) = -u**3 + 60*u**2 - 145*u + 8814. Determine m(60).
114
Let z(r) = 188331*r + 2259977. Calculate z(-12).
5
Let y(d) = 4*d**2 - 174*d - 2294. Calculate y(-12).
370
Let r(l) = -12*l**2 - 5389*l + 202792. Determine r(-484).
-4
Let q(w) = -w**2 - 1438*w + 1085785. Give q(547).
-10
Let y(g) = g**3 + 72*g**2 - 200*g - 216. Determine y(-75).
-2091
Let r(b) = -12047*b + 96366. Calculate r(8).
-10
Let g(s) = 263*s**2 + 1979*s + 950. Give g(-7).
-16
Let r(j) = 14610*j + 12652274. Calculate r(-866).
14
Let u(d) = -214442*d + 428875. What is u(2)?
-9
Let l(i) = -2*i**2 + 674*i - 50395. Calculate l(112).
5
Let f(w) = -w**3 - 28*w**2 + 767*w + 23695. What is f(-30)?
2485
Let a(i) = -453*i + 21400. Calculate a(48).
-344
Let x(r) = -2*r**3 - 211*r**2 - 5219*r + 749. Determine x(-40).
-91
Let d(z) = z**3 + 76*z**2 - 2212*z - 5445. What is d(-98)?
43
Let m(v) = -168*v**3 - 1167*v**2 + 47*v - 121. Determine m(-7).
-9
Let x(a) = -100*a**2 - 1385*a + 38. What is x(-14)?
-172
Let k(j) = 11*j**2 + 90*j - 292. What is k(3)?
77
Let y(f) = -2*f**2 - 310600*f + 2795572. What is y(9)?
10
Let a(n) = -3*n**2 - 741*n + 9324. What is a(-259)?
0
Let b(y) = -2*y**2 - 903*y + 9126. Calculate b(10).
-104
Let y(k) = 263420*k - 2370800. Calculate y(9).
-20
Let i(j) = 1616*j**2 - 8079*j - 5. Give i(5).
0
Let h(j) = -4*j**3 - 23*j**2 - 88*j - 900. Give h(-7).
-39
Let l(q) = q**3 - 102*q**2 - 10171*q - 93. Calculate l(-62).
93
Let o(c) = 2*c**3 - 15*c**2 - 107*c - 76. Give o(12).
-64
Let d(s) = -s**2 - 18888*s - 358421. Calculate d(-19).
90
Let s(c) = 1740*c**2 - 7055*c + 378. Calculate s(4).
-2
Let j(i) = 3*i**3 - 1189*i**2 + 482*i - 34060. What is j(396)?
-4
Let d(p) = -3010*p**2 + 123346*p + 2606. Calculate d(41).
-18
Let f(i) = -1400*i + 909987. Determine f(650).
-13
Let b(v) = 1228*v - 13502. Calculate b(11).
6
Let i(w) = w**2 + 42156*w - 421658. Calculate i(10).
2
Let c(a) = 25*a**2 + 46*a - 506. Give c(8).
1462
Let q(r) = 985*r - 47295. Give q(48).
-15
Let n(o) = 2*o**3 + 68*o**2 + 505*o + 585. Determine n(-20).
1685
Let s(c) = 51*c**2 + 1348*c + 7903. Determine s(-9).
-98
Let j(z) = -12*z**2 - 43*z + 365. Determine j(6).
-325
Let y(o) = 468*o + 5208. What is y(-2)?
4272
Let w(o) = 6*o**3 + 308*o**2 - 297*o - 4581. Give w(-52).
47
Let n(g) = 14*g**3 + 31*g - 207. What is n(0)?
-207
Let x(q) = -12*q**2 - 77*q - 135. Calculate x(-5).
-50
Let s(z) = 3*z**3 - 110*z**2 - 8*z + 3258. What is s(36)?
378
Let l(t) = -46*t**2 + 4437*t - 1991. Determine l(96).
25
Let c(i) = -166*i - 12544. Determine c(-74).
-260
Let g(o) = -o**3 + 99*o**2 + 4*o - 312. Calculate g(99).
84
Let d(s) = 3926*s + 19701. What is d(-5)?
71
Let i(x) = 13*x**3 + 93*x**2 + 64*x + 387. Give i(-7).
37
Let f(w) = 2*w**2 + 1632*w + 19319. Determine f(-12).
23
Let a(p) = -885*p**3 - 3*p**2 + 557*p + 559. Calculate a(-1).
884
Let j(l) = -l**3 - 14*l**2 + 9*l + 254. Give j(-12).
-142
Let o(k) = 2*k**3 + 123*k**2 - 476*k - 805. Give o(-65).
560
Let o(i) = i**2 + 239*i + 6449. Determine o(-35).
-691
Let a(j) = -150*j - 1003. Give a(-11).
647
Let f(p) = -4*p**3 - 7*p**2 - 8*p - 53. Determine f(-4).
123
Let o(r) = -5*r**3 - 1048*r**2 + 1398*r - 16671. Calculate o(-211).
-2
Let z(s) = -19404*s + 18336783. Give z(945).
3
Let j(s) = -8306*s - 74980. Give j(-9).
-226
Let l(v) = -5*v**3 + 354*v**2 + 110*v - 813. Calculate l(71).
1956
Let h(f) = -7*f**2 + 89*f - 76. Determine h(6).
206
Let s(o) = -151*o**2 - 1128*o - 34. What is s(-7)?
463
Let a(x) = -391*x + 34112. Determine a(87).
95
Let y(a) = 22*a**2 - 743*a + 2432. Determine y(30).
-58
Let v(z) = -136*z**2 - 22126*z - 65136. What is v(-3)?
18
Let p(o)